{"id":23,"date":"2019-01-15T13:35:45","date_gmt":"2019-01-15T13:35:45","guid":{"rendered":"http:\/\/studienstiftung-iusvivum.de\/?page_id=23"},"modified":"2025-04-09T11:34:36","modified_gmt":"2025-04-09T11:34:36","slug":"foerderung-und-kuratorium","status":"publish","type":"page","link":"http:\/\/studienstiftung-iusvivum.de\/?page_id=23","title":{"rendered":"Vorstand und Kuratorium"},"content":{"rendered":"\n<p><strong>Vorstand<\/strong><br>Prof. Dr. Haimo Schack (Kiel)<\/p>\n\n\n\n<div class=\"wp-block-media-text alignwide\" style=\"grid-template-columns:31% auto\"><figure class=\"wp-block-media-text__media\"><img loading=\"lazy\" decoding=\"async\" width=\"319\" height=\"480\" src=\"http:\/\/studienstiftung-iusvivum.de\/wp-content\/uploads\/2019\/01\/PICT0080-John-Riecken.jpg\" alt=\"\" class=\"wp-image-155 size-full\" srcset=\"http:\/\/studienstiftung-iusvivum.de\/wp-content\/uploads\/2019\/01\/PICT0080-John-Riecken.jpg 319w, http:\/\/studienstiftung-iusvivum.de\/wp-content\/uploads\/2019\/01\/PICT0080-John-Riecken-199x300.jpg 199w\" sizes=\"auto, (max-width: 319px) 100vw, 319px\" \/><\/figure><div class=\"wp-block-media-text__content\">\n<p class=\"has-normal-font-size\"> Prof. Dr. Haimo Schack, LL.M. (Berkeley\/USA), Jahrgang 1952, hatte nach    Professuren in Bonn und Bielefeld von 1993 bis 2019 den Lehrstuhl f\u00fcr    B\u00fcrgerliches Recht, Internationales Privat- und Zivilprozessrecht,    Urheberrecht am Institut f\u00fcr Europ\u00e4isches und  Internationales Privat-    und Verfahrensrecht der Christian-Albrechts-Universit\u00e4t zu Kiel inne. Von 1995 bis 2005 war er im zweiten Hauptamt Richter am Schleswig-Holsteinischen Oberlandesgericht.   <\/p>\n<\/div><\/div>\n\n\n\n<p><strong>Kuratorium<\/strong><br>Prof. Dr. Reinhard Bork (Uni Hamburg)<br>Dr. Florian Jotzo (Kiel)<br>Dr. Christian Weiser (Eppstein)<\/p>\n\n\n\n<p>Die  rechtsf\u00e4hige Stiftung des privaten Rechts wird durch ihren Vorstand  vertreten. Dies ist derzeit der Stifter Prof. Dr. Haimo Schack. Der  Vorstand wird durch ein Kuratorium unterst\u00fctzt, das aus drei auf den  F\u00f6rderungsgebieten der Stiftung t\u00e4tigen Juristen besteht.  <\/p>\n","protected":false},"excerpt":{"rendered":"<p>VorstandProf. Dr. Haimo Schack (Kiel) Prof. Dr. Haimo Schack, LL.M. (Berkeley\/USA), Jahrgang 1952, hatte nach Professuren in Bonn und Bielefeld von 1993 bis 2019 den Lehrstuhl f\u00fcr B\u00fcrgerliches Recht, Internationales Privat- und Zivilprozessrecht, Urheberrecht am Institut f\u00fcr Europ\u00e4isches und Internationales Privat- und Verfahrensrecht der Christian-Albrechts-Universit\u00e4t zu Kiel inne. Von 1995 bis 2005 war er im &hellip; <a href=\"http:\/\/studienstiftung-iusvivum.de\/?page_id=23\" class=\"more-link\"><span class=\"screen-reader-text\">Vorstand und Kuratorium<\/span> weiterlesen<\/a><\/p>\n","protected":false},"author":1,"featured_media":0,"parent":0,"menu_order":4,"comment_status":"closed","ping_status":"closed","template":"","meta":{"footnotes":""},"class_list":["post-23","page","type-page","status-publish","hentry"],"_links":{"self":[{"href":"http:\/\/studienstiftung-iusvivum.de\/index.php?rest_route=\/wp\/v2\/pages\/23","targetHints":{"allow":["GET"]}}],"collection":[{"href":"http:\/\/studienstiftung-iusvivum.de\/index.php?rest_route=\/wp\/v2\/pages"}],"about":[{"href":"http:\/\/studienstiftung-iusvivum.de\/index.php?rest_route=\/wp\/v2\/types\/page"}],"author":[{"embeddable":true,"href":"http:\/\/studienstiftung-iusvivum.de\/index.php?rest_route=\/wp\/v2\/users\/1"}],"replies":[{"embeddable":true,"href":"http:\/\/studienstiftung-iusvivum.de\/index.php?rest_route=%2Fwp%2Fv2%2Fcomments&post=23"}],"version-history":[{"count":13,"href":"http:\/\/studienstiftung-iusvivum.de\/index.php?rest_route=\/wp\/v2\/pages\/23\/revisions"}],"predecessor-version":[{"id":254,"href":"http:\/\/studienstiftung-iusvivum.de\/index.php?rest_route=\/wp\/v2\/pages\/23\/revisions\/254"}],"wp:attachment":[{"href":"http:\/\/studienstiftung-iusvivum.de\/index.php?rest_route=%2Fwp%2Fv2%2Fmedia&parent=23"}],"curies":[{"name":"wp","href":"https:\/\/api.w.org\/{rel}","templated":true}]}}

<p><strong>Vorstand</strong><br>Prof. Dr. Haimo Schack (Kiel)</p>



<div class="wp-block-media-text alignwide" style="grid-template-columns:31% auto"><figure class="wp-block-media-text__media"><img loading="lazy" decoding="async" width="319" height="480" src="http://studienstiftung-iusvivum.de/wp-content/uploads/2019/01/PICT0080-John-Riecken.jpg" alt="" class="wp-image-155 size-full" srcset="http://studienstiftung-iusvivum.de/wp-content/uploads/2019/01/PICT0080-John-Riecken.jpg 319w, http://studienstiftung-iusvivum.de/wp-content/uploads/2019/01/PICT0080-John-Riecken-199x300.jpg 199w" sizes="auto, (max-width: 319px) 100vw, 319px" /></figure><div class="wp-block-media-text__content">
<p class="has-normal-font-size"> Prof. Dr. Haimo Schack, LL.M. (Berkeley/USA), Jahrgang 1952, hatte nach    Professuren in Bonn und Bielefeld von 1993 bis 2019 den Lehrstuhl für    Bürgerliches Recht, Internationales Privat- und Zivilprozessrecht,    Urheberrecht am Institut für Europäisches und  Internationales Privat-    und Verfahrensrecht der Christian-Albrechts-Universität zu Kiel inne. Von 1995 bis 2005 war er im zweiten Hauptamt Richter am Schleswig-Holsteinischen Oberlandesgericht.   </p>
</div></div>



<p><strong>Kuratorium</strong><br>Prof. Dr. Reinhard Bork (Uni Hamburg)<br>Dr. Florian Jotzo (Kiel)<br>Dr. Christian Weiser (Eppstein)</p>



<p>Die  rechtsfähige Stiftung des privaten Rechts wird durch ihren Vorstand  vertreten. Dies ist derzeit der Stifter Prof. Dr. Haimo Schack. Der  Vorstand wird durch ein Kuratorium unterstützt, das aus drei auf den  Förderungsgebieten der Stiftung tätigen Juristen besteht.  </p>

<p>VorstandProf. Dr. Haimo Schack (Kiel) Prof. Dr. Haimo Schack, LL.M. (Berkeley/USA), Jahrgang 1952, hatte nach Professuren in Bonn und Bielefeld von 1993 bis 2019 den Lehrstuhl für Bürgerliches Recht, Internationales Privat- und Zivilprozessrecht, Urheberrecht am Institut für Europäisches und Internationales Privat- und Verfahrensrecht der Christian-Albrechts-Universität zu Kiel inne. Von 1995 bis 2005 war er im &hellip; <a href="http://studienstiftung-iusvivum.de/?page_id=23" class="more-link"><span class="screen-reader-text">Vorstand und Kuratorium</span> weiterlesen</a></p>
